22 + -66523?
-64601
In base 11, what is 27 + -21a6790?
-21a6764
In base 10, what is -1033 - 7894?
-8927
In base 10, what is 5949509 - 0?
5949509
In base 4, what is 10232330112313 - 1?
10232330112312
In base 15, what is -2 - -181e023?
181e021
In base 7, what is 422 + -450060?
-446335
In base 15, what is 11bc + -1d91?
-bc4
In base 6, what is 1232453 - -43?
1232540
In base 15, what is 13c5b - 33?
13c28
In base 4, what is -3032310 + -112132?
-3211102
In base 12, what is -a - 112044?
-112052
In base 11, what is 3 + -1472405?
-1472402
In base 5, what is -21 + -12223340144?
-12223340220
In base 4, what is -11303 - -1100201?
1022232
In base 14, what is 5 - 234b7?
-234b2
In base 14, what is -482 - 10dda5?
-110447
In base 7, what is -1522344 - 2552?
-1525226
In base 3, what is 202102020 - -1101?
202110121
In base 9, what is -400654 - 634?
-401388
In base 11, what is -1649aa13 + 16?
-1649a9a8
In base 6, what is 1133051 + -22?
1133025
In base 14, what is -1969 + -b494?
-d01d
In base 7, what is -45335312 - 33?
-45335345
In base 15, what is 31c494 - -8c?
31c531
In base 14, what is -23bd - -776?
-1a47
In base 4, what is 2 - 1123010002?
-1123010000
In base 6, what is -231042412 - -3?
-231042405
In base 6, what is -4 - -420410203?
420410155
In base 4, what is -110003232122 - 12?
-110003232200
In base 13, what is -b28604 - -4?
-b28600
In base 3, what is 2010011211 + 100002?
2010111220
In base 8, what is -2762 - 2605720?
-2610702
In base 16, what is 39b23 - -489?
39fac
In base 13, what is 1 + 413c533?
413c534
In base 10, what is 79 - -760755?
760834
In base 13, what is 3 + b2a568b?
b2a5691
In base 9, what is -27 - 466606?
-466634
In base 8, what is -57 + -1040704?
-1040763
In base 6, what is -120 + -10121420?
-10121540
In base 5, what is -221314 - 3234?
-230103
In base 5, what is -14032112 + -14143?
-14101310
In base 15, what is -a1 - 2a2158?
-2a2209
In base 10, what is -3489014 - 4?
-3489018
In base 15, what is 3b + 203d4?
20420
In base 16, what is 3 - -613d637?
613d63a
In base 8, what is -1 + 1140222337?
1140222336
In base 14, what is 11a + -921d?
-9103
In base 3, what is -21210222110002 - -22?
-21210222102210
In base 6, what is 11234434 - -1030?
11235504
In base 2, what is -1110001 + 100110100001010?
100110010011001
In base 7, what is 0 - 55443350?
-55443350
In base 2, what is -10000101010011010011101 + -11?
-10000101010011010100000
In base 8, what is -114 - -1530?
1414
In base 6, what is 13435024000 + -3?
13435023553
In base 2, what is -101000010011100 + -100001000000110?
-1001001010100010
In base 9, what is 0 + 44840370?
44840370
In base 4, what is 113023 - 220231300?
-220112211
In base 7, what is 56 - -63546201?
63546260
In base 12, what is -11415b - -1406?
-112955
In base 8, what is -4674 + 21375?
14501
In base 12, what is -36 + -380891?
-380907
In base 4, what is -2210 - -22101311?
22033101
In base 9, what is -1 + 451854225?
451854224
In base 12, what is 4 - -1825515?
1825519
In base 4, what is -32111331122210 - -1?
-32111331122203
In base 5, what is -120200001222 + 10?
-120200001212
In base 9, what is -11 - 12554540?
-12554551
In base 12, what is 0 + 632923?
632923
In base 13, what is a48a7 + -2b88?
a1a1c
In base 12, what is 190115 - -28?
190141
In base 9, what is -83453 + 508?
-82844
In base 7, what is 16456 - 1211?
15245
In base 7, what is 2450125 + 2650?
2453105
In base 9, what is -2216 - 48605?
-51822
In base 3, what is -212 + -1110202011022?
-1110202012011
In base 16, what is -26db - 15b?
-2836
In base 5, what is -1400 - -3123340?
3121440
In base 4, what is -3 - 22001330332?
-22001331001
In base 7, what is 55646 - -1632?
60611
In base 2, what is 10000101 + 100010110100011?
100011000101000
In base 4, what is -2330121111 + -12?
-2330121123
In base 16, what is -2b + -111554d?
-1115578
In base 9, what is -3 + 1245457?
1245454
In base 10, what is -29096025 - 50?
-29096075
In base 4, what is -22 + -131231102210?
-131231102232
In base 7, what is -120251 + -123?
-120404
In base 6, what is 151001012 - -5?
151001021
In base 6, what is 352 - 205331?
-204535
In base 6, what is -13102301 - 2?
-13102303
In base 13, what is 3 - -12737985?
12737988
In base 10, what is 918947 + 53?
919000
In base 6, what is -2141 - -344053?
341512
In base 4, what is 13110100 - 302?
13103132
In base 11, what is 54a776 - 7?
54a76a
In base 9, what is -2853366 + -3?
-2853370
In base 6, what is -335 - 435504?
-440243
In base 14, what is -3 - 77c839?
-77c83c
In base 4, what is -113111 + -20203120?
-20322231
In base 6, what is -101 + -513442?
-513543
In base 15, what is 4c2 + 56760?
56c32
In base 16, what is 1121af + e?
1121bd
In base 14, what is -aad1 - 1303?
-bdd4
In base 4, what is 3211 - -1102000231?
1102010102
In base 5, what is -12431140 - 224?
-12431414
In base 5, what is 1 - -13313211142?
13313211143
In base 8, what is -31645 + 44412?
12545
In base 13, what is -13127529 + 5?
-13127524
In base 2, what is -10101101 + 1011111101001?
1011100111100
In base 16, what is -23d + -dde8?
-e025
In base 3, what is 2100202 - 112121120?
-110020211
In base 14, what is b6d5 - 1d34?
97a1
In base 16, what is 318 + -4abc?
-47a4
In base 7, what is 22324545 + -65?
22324450
In base 10, what is -1011396 - -2?
-1011394
In base 2, what is -10101100001001 + -10110011?
-10101110111100
In base 15, what is 94496 + a?
944a1
In base 10, what is -424 + -3595?
-4019
In base 8, what is 653560 - 306?
653252
In base 14, what is -371 + -3690b7?
-369448
In base 2, what is -10100100110100111111 - 11001111010?
-10100101001110111001
In base 8, what is -14402020 + 3?
-14402015
In base 13, what is -36494c80 - 3?
-36494c83
In base 6, what is -200234 - -13333?
-142501
In base 8, what is 11661 - 133704?
-122023
In base 8, what is 12200326 - 4?
12200322
In base 3, what is -1 - 2222011122020111?
-2222011122020112
In base 8, what is 71473432 - 2?
71473430
In base 15, what is 1c + -28c24e3?
-28c24c6
In base 5, what is -13 - -44313100203?
44313100140
In base 13, what is b05a283 - -1?
b05a284
In base 11, what is -3701 + -217503?
-220104
In base 14, what is 20c5 + 53b1?
7496
In base 11, what is 328a4 - 1122?
31782
In base 11, what is 4 + -296838a?
-2968386
In base 7, what is 13162501 - -205?
13163006
In base 3, what is -110 - 20020011221?
-20020012101
In base 8, what is -160 + 12757354?
12757174
In base 7, what is 0 - -102252311?
102252311
In base 2, what is 1100101 - -1110100000101111?
1110100010010100
In base 12, what is -134b603 + 76?
-134b549
In base 7, what is -125 - -104153?
104025
In base 3, what is -101210122222 - 10011021?
-101220211020
In base 6, what is 253 - -2332152?
2332445
In base 2, what is 110010110 - -10100011011101010?
10100100010000000
In base 11, what is 41 + -497a81?
-497a40
In base 6, what is 1415241 + 3240?
1422521
In base 2, what is 10100011100010111000001010 - 11?
10100011100010111000000111
In base 12, what is 11b4 + -60585?
-5b391
In base 14, what is -1c + -9612?
-9630
In base 5, what is 1014220 - -131244?
1201014
In base 2, what is -10100010001111 + -110111?
-10100011000110
In base 4, what is 11 - 1230222201110?
-1230222201033
In base 10, what is 37415 + -137?
37278
In base 2, what is 110010010011101100 - 1101111110?
110010000101101110
In base 5, what is 42231 + -122241?
-30010
In base 10, what is 21976 + -202?
21774
In base 14, what is cbdb + 1d5?
cdd2
In base 13, what is 3 + 5520863?
5520866
In base 9, what is 18824 - 183?
18631
In base 9, what is -1611 - -8383?
6672
In base 15, what is -31adc2c + 7?
-31adc25
In base 16, what is 150a + 11ea?
26f4
In base 5, what is -234 + 1400330103?
1400324314
In base 11, what is 2201 - -6675?
8876
In base 9, what is -31816 - -1071?
-30735
In base 14, what is -9 + -b8a04c?
-b8a057
In base 12, what is -1 + -2a2713?
-2a2714
In base 11, what is 1555 + 3214a?
336a4
In base 10, what is 18 - 8004077?
-8004059
In base 13, what is 1a1 + -b0630c?
-b0613b
In base 10, what is -103960 - -414?
-103546
In base 9, what is -15818202 - -1?
-15818201
In base 15, what is -1 + -a5b1ec8?
-a5b1ec9
In base 15, what is 31c5a6e - 6?
31c5a68
In base 16, what is 38f + 1a2?
531
In base 9, what is -7 + -7608614?
-7608622
In base 4, what is 2302 + -200002132221?
-200002123313
In base 2, what is 10 + -1100010011110011010011?
-1100010011110011010001
In base 15, what is 84680 - -40?
846c0
In base 